{"id":79,"date":"2015-02-12T19:06:34","date_gmt":"2015-02-12T19:06:34","guid":{"rendered":"https:\/\/csabogadas.com.ar\/?page_id=79"},"modified":"2015-02-12T21:17:02","modified_gmt":"2015-02-12T21:17:02","slug":"derecho-empresarial","status":"publish","type":"page","link":"https:\/\/csabogadas.com.ar\/?page_id=79","title":{"rendered":"Derecho empresarial"},"content":{"rendered":"<ul>\n<li><span style=\"color: #808080;\">Constituci\u00f3n de sociedades comerciales<\/span><\/li>\n<li><span style=\"color: #808080;\">Reformas estatutarias<\/span><\/li>\n<li><span style=\"color: #808080;\">Aumentos de capital<\/span><\/li>\n<li><span style=\"color: #808080;\">Inscripci\u00f3n de directores (Art. 60 LSC)<\/span><\/li>\n<li><span style=\"color: #808080;\">Cambio de jurisdicci\u00f3n y sede social<\/span><\/li>\n<li><span style=\"color: #808080;\">Disoluciones y liquidaciones<\/span><\/li>\n<li><span style=\"color: #808080;\">Concursos y quiebras<\/span><\/li>\n<li><span style=\"color: #808080;\">Reestructuraci\u00f3n de pasivos<\/span><\/li>\n<li><span style=\"color: #808080;\">Transferencias accionarias<\/span><\/li>\n<li><span style=\"color: #808080;\">Otros tr\u00e1mites ante DPPJ.<\/span><\/li>\n<\/ul>\n","protected":false},"excerpt":{"rendered":"<p>Constituci\u00f3n de sociedades comerciales Reformas estatutarias Aumentos de capital Inscripci\u00f3n de directores (Art. 60 LSC) Cambio de jurisdicci\u00f3n y sede social Disoluciones y liquidaciones Concursos y quiebras Reestructuraci\u00f3n de pasivos Transferencias accionarias Otros tr\u00e1mites ante DPPJ.<\/p>\n","protected":false},"author":2,"featured_media":0,"parent":34,"menu_order":5,"comment_status":"closed","ping_status":"closed","template":"","meta":{"footnotes":""},"class_list":["post-79","page","type-page","status-publish","hentry"],"_links":{"self":[{"href":"https:\/\/csabogadas.com.ar\/index.php?rest_route=\/wp\/v2\/pages\/79","targetHints":{"allow":["GET"]}}],"collection":[{"href":"https:\/\/csabogadas.com.ar\/index.php?rest_route=\/wp\/v2\/pages"}],"about":[{"href":"https:\/\/csabogadas.com.ar\/index.php?rest_route=\/wp\/v2\/types\/page"}],"author":[{"embeddable":true,"href":"https:\/\/csabogadas.com.ar\/index.php?rest_route=\/wp\/v2\/users\/2"}],"replies":[{"embeddable":true,"href":"https:\/\/csabogadas.com.ar\/index.php?rest_route=%2Fwp%2Fv2%2Fcomments&post=79"}],"version-history":[{"count":2,"href":"https:\/\/csabogadas.com.ar\/index.php?rest_route=\/wp\/v2\/pages\/79\/revisions"}],"predecessor-version":[{"id":111,"href":"https:\/\/csabogadas.com.ar\/index.php?rest_route=\/wp\/v2\/pages\/79\/revisions\/111"}],"up":[{"embeddable":true,"href":"https:\/\/csabogadas.com.ar\/index.php?rest_route=\/wp\/v2\/pages\/34"}],"wp:attachment":[{"href":"https:\/\/csabogadas.com.ar\/index.php?rest_route=%2Fwp%2Fv2%2Fmedia&parent=79"}],"curies":[{"name":"wp","href":"https:\/\/api.w.org\/{rel}","templated":true}]}}